{"id":93,"date":"2018-09-05T16:06:57","date_gmt":"2018-09-05T20:06:57","guid":{"rendered":"http:\/\/cpn.gouv.qc.ca\/cpncf\/?page_id=93"},"modified":"2018-12-04T13:41:20","modified_gmt":"2018-12-04T18:41:20","slug":"acces-a-legalite-en-emploi","status":"publish","type":"page","link":"https:\/\/cpn.gouv.qc.ca\/cpncf\/equite-et-acces-a-legalite\/acces-a-legalite-en-emploi\/","title":{"rendered":"Acc\u00e8s \u00e0 l&rsquo;\u00e9galit\u00e9 en emploi"},"content":{"rendered":"","protected":false},"excerpt":{"rendered":"","protected":false},"author":1,"featured_media":0,"parent":162,"menu_order":0,"comment_status":"closed","ping_status":"closed","template":"template-personnalise.php","meta":{"_acf_changed":false,"footnotes":""},"class_list":["post-93","page","type-page","status-publish","hentry"],"acf":[],"publishpress_future_action":{"enabled":false,"date":"2026-05-08 07:42:18","action":"change-status","newStatus":"draft","terms":[],"taxonomy":"translation_priority"},"_links":{"self":[{"href":"https:\/\/cpn.gouv.qc.ca\/cpncf\/wp-json\/wp\/v2\/pages\/93"}],"collection":[{"href":"https:\/\/cpn.gouv.qc.ca\/cpncf\/wp-json\/wp\/v2\/pages"}],"about":[{"href":"https:\/\/cpn.gouv.qc.ca\/cpncf\/wp-json\/wp\/v2\/types\/page"}],"author":[{"embeddable":true,"href":"https:\/\/cpn.gouv.qc.ca\/cpncf\/wp-json\/wp\/v2\/users\/1"}],"replies":[{"embeddable":true,"href":"https:\/\/cpn.gouv.qc.ca\/cpncf\/wp-json\/wp\/v2\/comments?post=93"}],"version-history":[{"count":3,"href":"https:\/\/cpn.gouv.qc.ca\/cpncf\/wp-json\/wp\/v2\/pages\/93\/revisions"}],"predecessor-version":[{"id":3488,"href":"https:\/\/cpn.gouv.qc.ca\/cpncf\/wp-json\/wp\/v2\/pages\/93\/revisions\/3488"}],"up":[{"embeddable":true,"href":"https:\/\/cpn.gouv.qc.ca\/cpncf\/wp-json\/wp\/v2\/pages\/162"}],"wp:attachment":[{"href":"https:\/\/cpn.gouv.qc.ca\/cpncf\/wp-json\/wp\/v2\/media?parent=93"}],"curies":[{"name":"wp","href":"https:\/\/api.w.org\/{rel}","templated":true}]}}

Accès à l&rsquo;égalité en emploi
